lculate z(127).
-893
Let b(d) = -73079*d - 73132. Calculate b(-1).
-53
Let g(b) = 264*b**2 + 421*b + 850. Calculate g(-2).
1064
Let w(m) = -3*m**2 - 10362*m - 113568. What is w(-11)?
51
Let b(v) = -v**2 - 2722*v - 151900. Give b(-57).
5
Let a(i) = 14788*i + 621087. Determine a(-42).
-9
Let u(b) = 2*b**2 - 555*b + 3256. Determine u(6).
-2
Let y(m) = 3*m**2 - 199*m - 3236. Calculate y(-15).
424
Let q(z) = 1272*z - 34042. Give q(27).
302
Let k(p) = -33*p**2 - 6240*p - 419. Determine k(-189).
148
Let b(u) = -14*u**2 - 173*u + 319. Determine b(-14).
-3
Let b(p) = 9*p**2 - 1619*p - 11255. Calculate b(-7).
519
Let p(w) = 6*w**3 - 7*w**2 - 231*w - 453. What is p(-2)?
-67
Let r(z) = -1133*z + 10698. Calculate r(9).
501
Let u(i) = 2*i**3 + 263*i**2 + 137*i + 523. Give u(-131).
-263
Let y(i) = -814*i + 24512. What is y(31)?
-722
Let c(w) = 2*w**2 - 4834*w - 96. Give c(0).
-96
Let g(i) = 2*i**3 + 73*i**2 + 217*i - 454. Calculate g(-33).
8
Let x(m) = -m**3 + 19*m**2 - 99*m + 1409. Give x(16).
593
Let v(n) = -57*n**3 - 2569*n**2 - 209*n - 1291. Give v(-45).
14
Let r(w) = -3*w**3 + 507*w**2 + 513*w - 539. Calculate r(170).
-29
Let r(k) = k**3 + 213*k**2 - 6216*k + 196. What is r(26)?
144
Let p(a) = 3514*a + 31605. Give p(-9).
-21
Let m(t) = 57350*t + 3154264. Calculate m(-55).
14
Let g(n) = 21*n**3 - 313*n**2 - 17*n + 11. Give g(15).
206
Let d(a) = -2*a**3 + 45*a**2 + 379*a - 3473. Calculate d(26).
1649
Let f(n) = -133*n**2 + 13005*n - 22742. Determine f(96).
10
Let p(z) = -4*z**3 - 1217*z**2 + 955*z + 12170. Determine p(-305).
-30
Let w(d) = -271*d**2 + 1780*d + 824. What is w(7)?
5
Let s(f) = -4721*f - 42432. What is s(-9)?
57
Let b(k) = k**3 + 238*k**2 + 1627*k + 2315. Give b(-231).
5
Let m(l) = 203*l + 10394. Determine m(-49).
447
Let h(y) = -5258*y + 247157. What is h(47)?
31
Let h(p) = p**3 + 126*p**2 + 833*p. Give h(-119).
0
Let o(y) = -3*y**3 - 18*y**2 + 147*y - 101. Determine o(5).
-191
Let w(l) = 3117*l - 21997. Calculate w(7).
-178
Let z(r) = 848*r - 50724. Give z(60).
156
Let a(i) = -223*i - 80098. Determine a(-359).
-41
Let m(c) = 1093090*c - 14210163. What is m(13)?
7
Let k(t) = 6202*t + 229341. Give k(-37).
-133
Let y(h) = -1017*h - 2913. Calculate y(-2).
-879
Let u(v) = 84184*v + 168352. What is u(-2)?
-16
Let x(s) = -1205*s**2 + 6292*s - 1343. What is x(5)?
-8
Let m(a) = 4*a**3 + 20*a**2 - 17*a - 87. Calculate m(-4).
45
Let s(m) = -3*m**3 - 714*m**2 + 240*m + 225388. Give s(-237).
1
Let i(w) = -179703*w + 1617275. Determine i(9).
-52
Let j(f) = 71*f**2 + 4475*f + 124. Calculate j(-63).
-2
Let w(c) = -c**3 - 14*c**2 + 3555*c + 74319. Calculate w(-22).
-19
Let b(y) = 46953*y - 4460604. Give b(95).
-69
Let o(j) = -9449*j - 170454. Calculate o(-18).
-372
Let a(g) = -44*g**2 - 2044*g + 288. Calculate a(-47).
-840
Let r(v) = -v**3 + 67*v**2 - 615*v - 122. Calculate r(56).
-66
Let y(h) = -4*h**2 - 3160*h - 25039. Calculate y(-8).
-15
Let r(w) = -w**3 + 36*w**2 - 286*w - 760. Give r(19).
-57
Let c(b) = 43*b**2 + 40*b - 95. Give c(3).
412
Let a(z) = -z**2 - 1220*z + 333497. Calculate a(230).
-3
Let r(j) = -10*j**2 + 205*j + 5331. What is r(-15)?
6
Let x(c) = c**3 + 433*c**2 + 11358*c + 7377. Calculate x(-405).
87
Let u(d) = -16*d**2 - 930*d - 11913. What is u(-39)?
21
Let r(c) = -2*c**3 + 3*c**2 - 692317*c + 1384633. Calculate r(2).
-5
Let f(y) = -334*y + 13571. Calculate f(40).
211
Let h(p) = -979*p + 8666. Give h(9).
-145
Let f(w) = -w**3 - 56*w**2 + 706*w + 351. Calculate f(11).
10
Let t(m) = 9*m**3 - 962*m**2 - 1052*m - 3025. Determine t(108).
-1
Let p(m) = 26685*m + 160136. Give p(-6).
26
Let p(l) = l**3 + 62*l**2 + 811*l + 782. Determine p(-17).
0
Let g(b) = -b**3 - 242*b**2 - 552*b + 39443. Determine g(-239).
8
Let w(g) = -17368*g - 312600. What is w(-18)?
24
Let u(q) = -q**3 + 27*q**2 + 139*q - 3890. What is u(27)?
-137
Let n(j) = j**3 - 307*j**2 - 3495*j - 7. Give n(-11).
-40
Let l(k) = 593*k + 106205. Determine l(-179).
58
Let d(r) = 170*r**2 + 435*r + 22. Determine d(-3).
247
Let x(p) = -6878337*p + 55026692. Give x(8).
-4
Let n(l) = 15*l**3 - 2*l**2 + 294*l - 880. Give n(3).
389
Let d(k) = 19*k**2 + 349*k - 735. What is d(-22)?
783
Let u(b) = -b**3 - 65*b**2 + 453*b + 1073. Determine u(8).
25
Let a(g) = 29*g - 1140. Calculate a(51).
339
Let y(z) = -93*z**2 - 1005*z + 190. Determine y(-11).
-8
Let d(w) = 5*w**2 + 23*w - 110. Determine d(-10).
160
Let v(c) = -c**2 - 47*c + 5730. Give v(64).
-1374
Let w(i) = -i**3 + 248*i**2 + 2315*i - 447. Determine w(257).
67
Let r(i) = -i**2 + 27443*i + 82338. Give r(-3).
0
Let f(l) = -3*l**3 - 42*l**2 + 243*l - 230. Give f(3).
40
Let x(k) = 1067*k - 42662. Give x(40).
18
Let f(k) = -4853*k + 262059. What is f(54)?
-3
Let y(p) = p**3 - 101*p**2 - 18854*p - 11425. What is y(197)?
1
Let h(a) = 625666*a + 4379649. What is h(-7)?
-13
Let y(a) = a**3 - 88*a**2 + 1686*a + 20. Calculate y(60).
380
Let h(n) = -8*n**2 - 113*n + 352. Determine h(-15).
247
Let z(c) = -c**2 - 147*c - 5112. What is z(-59)?
80
Let u(p) = 208*p + 7293. What is u(-35)?
13
Let g(v) = -215*v + 133534. What is g(621)?
19
Let h(o) = 5*o**3 + 564*o**2 - 84*o + 510. What is h(-113)?
-2767
Let p(l) = -260*l**3 - 2857*l**2 + 21*l + 14. What is p(-11)?
146
Let j(k) = k**2 + 223*k - 11728. Give j(-267).
20
Let o(u) = 2*u**3 - 413*u**2 + 21329*u - 1132. Give o(102).
-10
Let j(o) = 50*o**3 - 129*o**2 - 281*o - 7. Determine j(4).
5
Let p(l) = 5*l**2 + 69*l + 360. Determine p(-8).
128
Let g(v) = -1407*v - 167432. Give g(-119).
1
Let r(p) = p**2 + 2002*p + 175517. Determine r(-92).
-203
Let z(j) = -2*j**3 + 16*j**2 + 10*j - 229. Determine z(11).
-845
Let v(p) = p**2 - 10639*p + 46. What is v(0)?
46
Let k(n) = -168*n + 5989. Determine k(34).
277
Let h(d) = -329*d**2 + 56*d + 56. Give h(-1).
-329
Let s(b) = 44*b**2 - 43*b - 967. Give s(0).
-967
Let s(w) = -13*w**3 + 17*w**2 + 447*w + 2484. What is s(-6)?
3222
Let b(w) = -w**3 + 13*w**2 - 165*w + 2399. Determine b(14).
-107
Let u(t) = -t**3 - 14*t**2 - 93*t - 503. What is u(-10)?
27
Let r(x) = 154*x**2 - 1490*x + 19. Determine r(7).
-2865
Let j(s) = s**2 - 543*s + 15434. Give j(30).
44
Let u(l) = 13*l**2 - 164*l - 360. Determine u(14).
-108
Let f(t) = 9*t**2 + 778*t - 3742. What is f(-91)?
-11
Let t(l) = 4*l**2 - 132*l - 221. What is t(-2)?
59
Let v(h) = -222*h**2 - 2549*h - 12764. Determine v(-5).
-5569
Let o(l) = 2768*l - 16497. Calculate o(6).
111
Let v(z) = -20427*z + 81705. What is v(4)?
-3
Let y(t) = -431*t**2 + 4341*t + 179. Give y(10).
489
Let g(n) = n**3 - 177*n**2 + 115*n - 19143. Calculate g(177).
1212
Let b(s) = 281*s**2 + 14990*s + 29983. Determine b(-2).
1127
Let q(o) = o**2 - 35*o - 7627. What is q(-77)?
997
Let g(v) = -2*v**3 - 97*v**2 - 44*v + 104. What is g(-48)?
-88
Let u(m) = 38*m**3 - 987*m**2 - 29*m + 70. Calculate u(26).
-8
Let c(w) = -18*w**2 + 422*w + 2513. Give c(-6).
-667
Let r(y) = 107230*y + 107222. Determine r(-1).
-8
Let t(u) = -47078*u + 47048. Determine t(1).
-30
Let y(a) = 36*a**3 - 2*a**2 - 192*a - 192. What is y(-1)?
-38
Let a(u) = 2*u**3 + 2*u**2 + 10052*u + 20108. What is a(-2)?
-4
Let q(c) = -c**3 + 319*c**2 - 25294*c + 11133. What is q(174)?
-3
Let s(l) = -l**3 - 338*l**2 + 3103*l - 6916. What is s(-347)?
24
Let a(p) = 2907*p + 61052. What is a(-21)?
5
Let m(i) = 6*i**3 + 51*i**2 - 12724*i - 68. Determine m(42).
16
Let s(u) = u**3 + 11*u**2 - 28193*u - 282056. Determine s(-10).
-26
Let v(t) = -2*t**2 + 526*t + 6040. What is v(-11)?
12
Let k(z) = -8848*z + 353934. What is k(40)?
14
Let c(r) = 48*r**2 + 3703*r + 4172. Give c(-76).
-8
Let c(g) = -2*g**3 - 678*g**2 + 8428*g + 1453. Determine c(-351).
49
Let s(y) = y**3 + 6*y**2 - 88*y + 3098. Give s(-20).
-742
Let p(q) = 209*q**3 - 3352*q**2 + 121*q + 111. What is p(16)?
-1
Let o(m) = -m**3 + 6*m**2 + 648*m - 5228. What is o(8)?
-172
Let h(v) = v**2 + 1272*v + 7623. Give h(-6).
27
Let m(y) = -y**3 - 61*y**2 + 46*y - 622. What is m(-62)?
370
Let b(i) = i**3 + 12*i**2 + 75*i + 666. What is b(-11)?
-38
Let h(l) = l**3 - 268*l**2 + 2*l - 543. Calculate h(268).
-7
Let o(i) = i**2 - 596*i - 174384. What is o(-215)?
-19
Let m(s) = -1493*s - 16509. Calculate m(-12).
1407
Let p(k) = 102966*k - 3603929. What is p(35)?
-119
Let c(i) = -i**2 - 3359*i - 83343. Determine c(-25).
7
Let a(z) = -2*z**3 - 62*z**2 - 3*z - 43. What is